isor of 86 and 817.
43
Calculate the greatest common factor of 126 and 210.
42
What is the highest common divisor of 596 and 3278?
298
What is the greatest common factor of 987 and 1128?
141
Calculate the highest common factor of 75 and 105.
15
Calculate the greatest common divisor of 649 and 11.
11
What is the highest common divisor of 10 and 705?
5
What is the highest common factor of 24 and 30?
6
Calculate the greatest common factor of 684 and 38.
38
Calculate the greatest common factor of 10 and 21580.
10
What is the highest common factor of 56 and 19628?
28
What is the highest common factor of 3088 and 193?
193
What is the greatest common factor of 11 and 88?
11
Calculate the highest common factor of 474 and 30.
6
Calculate the highest common factor of 129 and 5332.
43
What is the greatest common divisor of 120 and 32?
8
What is the highest common divisor of 1775 and 639?
71
What is the highest common divisor of 7550 and 250?
50
What is the greatest common divisor of 73 and 2336?
73
Calculate the greatest common factor of 35 and 595.
35
What is the greatest common divisor of 1077 and 3?
3
Calculate the highest common divisor of 475 and 75.
25
What is the greatest common divisor of 23 and 3059?
23
What is the greatest common factor of 6678 and 252?
126
Calculate the highest common factor of 1308 and 66.
6
Calculate the highest common factor of 48586 and 34.
34
What is the highest common factor of 165 and 132?
33
What is the greatest common factor of 15 and 61935?
15
Calculate the greatest common factor of 99 and 77.
11
Calculate the highest common divisor of 258 and 111.
3
What is the highest common divisor of 82 and 369?
41
Calculate the highest common factor of 12 and 1284.
12
What is the highest common divisor of 88440 and 264?
264
What is the greatest common divisor of 1426 and 322?
46
What is the greatest common divisor of 20 and 140?
20
Calculate the highest common factor of 57 and 3.
3
Calculate the greatest common divisor of 442 and 78.
26
What is the greatest common factor of 371 and 161?
7
Calculate the highest common divisor of 51 and 33.
3
Calculate the highest common divisor of 141 and 11139.
141
Calculate the highest common factor of 500 and 30.
10
What is the highest common divisor of 36126 and 324?
162
What is the highest common factor of 68 and 170?
34
What is the highest common divisor of 2 and 34?
2
Calculate the greatest common divisor of 2960 and 640.
80
What is the greatest common factor of 147 and 42?
21
What is the highest common factor of 93 and 5084?
31
Calculate the greatest common factor of 1653 and 58.
29
What is the greatest common factor of 7298 and 164?
82
Calculate the greatest common divisor of 2288 and 1276.
44
Calculate the highest common divisor of 70 and 160.
10
Calculate the greatest common divisor of 67 and 7571.
67
Calculate the highest common factor of 450 and 2592.
18
What is the highest common factor of 16 and 7?
1
Calculate the highest common divisor of 28 and 53886.
14
Calculate the greatest common divisor of 11203 and 17.
17
Calculate the greatest common divisor of 114 and 6213.
57
Calculate the highest common factor of 712 and 8.
8
Calculate the greatest common divisor of 14 and 224.
14
What is the greatest common factor of 372 and 279?
93
What is the highest common divisor of 984 and 84?
12
Calculate the greatest common divisor of 264 and 1078.
22
Calculate the highest common factor of 505 and 15.
5
Calculate the highest common divisor of 75 and 705.
15
Calculate the highest common factor of 26 and 4472.
26
Calculate the highest common divisor of 1383 and 24.
3
What is the greatest common divisor of 240 and 100?
20
Calculate the highest common factor of 310 and 530.
10
What is the highest common factor of 115 and 207?
23
Calculate the greatest common factor of 585 and 1485.
45
What is the highest common divisor of 9 and 774?
9
Calculate the greatest common divisor of 66 and 704.
22
What is the greatest common factor of 217 and 5704?
31
Calculate the greatest common factor of 36 and 16.
4
What is the greatest common factor of 122 and 305?
61
What is the highest common factor of 630 and 2135?
35
Calculate the highest common factor of 534 and 78.
6
Calculate the greatest common factor of 255 and 34.
17
What is the greatest common divisor of 27554 and 46?
46
Calculate the greatest common factor of 4070 and 40.
10
Calculate the greatest common factor of 6844 and 116.
116
Calculate the highest common factor of 7 and 49.
7
What is the greatest common factor of 3925 and 1727?
157
Calculate the greatest common divisor of 32 and 38.
2
What is the greatest common factor of 1971 and 27?
27
What is the greatest common divisor of 25 and 5?
5
What is the highest common factor of 10 and 2290?
10
What is the greatest common divisor of 119 and 161?
7
What is the greatest common divisor of 49 and 7?
7
Calculate the greatest common factor of 533 and 39.
13
What is the highest common factor of 3317 and 62?
31
What is the highest common factor of 1254 and 99?
33
Calculate the highest common divisor of 216 and 837.
27
Calculate the highest common factor of 690 and 1590.
30
Calculate the highest common factor of 4108 and 104.
52
Calculate the highest common factor of 7332 and 12.
12
Calculate the greatest common divisor of 70 and 7.
7
What is the greatest common factor of 2980 and 20?
20
Calculate the highest common divisor of 469 and 33299.
469
Calculate the greatest common factor of 3101 and 7.
7
What is the greatest common divisor of 62 and 13919?
31
What is the highest common divisor of 133 and 76?
19
Calculate the highest common divisor of 300 and 252.
12
What is the greatest common divisor of 1275 and 136?
17
Calculate the greatest common factor of 54 and 6129.
27
Calculate the greatest common divisor of 52 and 12350.
26
What is the highest common factor of 2 and 121?
1
Calculate the highest common divisor of 8001 and 42.
21
Calculate the greatest common factor of 312 and 12.
12
What is the greatest common divisor of 12 and 1140?
12
Calculate the highest common divisor of 40 and 1180.
20
What is the greatest common factor of 108 and 1404?
108
Calculate the highest common factor of 76 and 5548.
76
Calculate the greatest common factor of 870 and 30.
30
Calculate the greatest common divisor of 11 and 2321.
11
Calculate the greatest common factor of 1084 and 2.
2
Calculate the highest common divisor of 6759 and 9.
9
What is the greatest common divisor of 33348 and 168?
84
Calculate the highest common factor of 10 and 78410.
10
What is the highest common divisor of 912 and 190?
38
Calculate the greatest common divisor of 3690 and 99.
9
Calculate the highest common factor of 45 and 115.
5
Calculate the greatest common factor of 184 and 345.
23
What is the highest common divisor of 12 and 450?
6
What is the highest common divisor of 6312 and 144?
24
Calculate the highest common divisor of 399 and 741.
57
Calculate the greatest common divisor of 144 and 72.
72
Calculate the greatest common factor of 4 and 71.
1
What is the highest common divisor of 54 and 1242?
54
What is the greatest common divisor of 2533 and 34?
17
What is the greatest common divisor of 686 and 28?
14
What is the greatest common factor of 28 and 31500?
28
Calculate the greatest common factor of 5 and 405.
5
Calculate the highest common divisor of 1812 and 12.
12
What is the greatest common divisor of 448 and 9344?
64
Calculate the greatest common factor of 5415 and 90.
15
What is the greatest common divisor of 46 and 20286?
46
Calculate the greatest common divisor of 2898 and 126.
126
What is the highest common divisor of 360 and 234?
18
What is the greatest common factor of 5838 and 14?
14
What is the highest common factor of 275 and 11?
11
What is the greatest common factor of 107 and 24610?
107
What is the highest common divisor of 496 and 620?
124
Calculate the greatest common factor of 830 and 1826.
166
Calculate the highest common divisor of 490 and 8540.
70
Calculate the highest common divisor of 384 and 1656.
24
What is the greatest common factor of 43 and 19307?
43
What is the greatest common factor of 2 and 32?
2
What is the highest common factor of 4 and 136?
4
What is the greatest common divisor of 134 and 2?
2
Calculate the highe